en n(7) is divided by ((-8)/10)/((-1)/25).
18
Suppose 2*p + 3*k - 20 = 0, 0*k + 25 = 3*p + 2*k. Suppose 80*c = 156 + 164. Let n = p + c. What is the remainder when 42 is divided by n?
9
Let h(j) = -j**3 - j + 34. Let q be h(0). Let f = 48 - q. What is the remainder when f is divided by (-18 + 16)/((-2)/6)?
2
Let y(k) = k**2. Let s(c) = 5*c**2 + 9*c - 7. Let l(r) = -s(r) + 4*y(r). What is the remainder when 79 is divided by l(-7)?
16
Suppose -3*d + l = -56, -2*d + l = -19 - 20. Calculate the remainder when 201 is divided by d.
14
Let d be -21 - -19 - (1 + -7). Calculate the remainder when 76/(-19) - -11*1 is divided by -3*d/24*-10.
2
Let b(r) = r + 8. What is the remainder when 47/9 - 36/162 is divided by b(-5)?
2
Let r = 208 + -134. Let t(l) = 41*l**2 - 158*l - 159. What is the remainder when r is divided by t(-1)?
34
Let d be 4/(-6) + 380/30. Suppose 0 = -f - 2*f + d. Let z(y) = y**2 + 5*y + 2. Calculate the remainder when f is divided by z(-5).
0
Let p = 24 - 15. Calculate the remainder when 746 is divided by p.
8
Suppose -7*c = -c - 2*c. Suppose 6*b - 9*b + 48 = c. What is the remainder when 62 is divided by b?
14
Suppose -2*k - 19 = 3*k - x, -3*k + 5*x = 7. Let a be 2/5 - k/(-10). Suppose a = -2*m + 26 + 12. What is the remainder when m is divided by 7?
5
Let r = -8 + 9. Let f = r - -4. Suppose -3*h + 3*d + 7 = -14, -5*h + 32 = -4*d. What is the remainder when f is divided by h?
1
Let f = 7 - 3. Suppose 5 = 2*g + 3*g. Let m = 10 + g. What is the remainder when m is divided by f?
3
Let l = -395 + 412. What is the remainder when 33 is divided by l?
16
Let f = 262 - 188. What is the remainder when f is divided by 19?
17
Let c be ((-39)/52)/(1/4). Let s = 15 + c. What is the remainder when 83 is divided by s?
11
Suppose 2 = -7*g + 5*g. Let j(q) = -104*q**3 - q**2 - q - 1. Suppose f = -u + 24 + 3, -3*u = 4*f - 107. Calculate the remainder when j(g) is divided by f.
25
Suppose -12 = -4*i + 4. Suppose 14 = 2*v - x, -3*v = -i*x - 7 - 14. Suppose 0 = -v*z + 3*z + 36. Calculate the remainder when z is divided by 4.
1
Let z = -119 - -166. What is the remainder when z is divided by 14?
5
Suppose 6*k = v + 2*k - 1622, 2*v + 3*k - 3266 = 0. Calculate the remainder when 23 is divided by 2/11 + v/110.
8
Let n(c) = -c**2 + 5*c + 4. Let g be n(6). Let f = g - -9. Suppose 4*s - 23 = -f. What is the remainder when 11 is divided by s?
3
Let x(a) = -a**3 - 9*a**2 + 11*a + 16. Let k be x(-10). Let q(p) = p**3 - 5*p**2 - 9. What is the remainder when 53 is divided by q(k)?
26
Let d(o) = -24*o - 31. Calculate the remainder when d(-2) is divided by (-45)/(-12) - (-3)/12.
1
Let j = -47 + 71. Let c = -2158 + 2277. What is the remainder when c is divided by j?
23
Suppose 457 - 637 = -9*h. Calculate the remainder when 233 is divided by h.
13
Let m = -11 - -14. Let i = -28 - -55. What is the remainder when i is divided by 17/m + (-5)/(-15)?
3
Suppose -3*m - 99 = -261. Suppose -4*b + 2*d = -m, -2*b + 4*b - 37 = -d. Calculate the remainder when b is divided by 11.
5
Let o(c) = c**3 - 5*c**2 + 3*c. What is the remainder when o(5) is divided by (-2 + 66/21)/((-16)/(-56))?
3
Let z be (-54)/12*(-8 + 0). Suppose z = 4*c - b, c = -0*c - b + 9. Calculate the remainder when 17 is divided by c.
8
Let i be ((-3 - -1)/2)/(-1). Suppose 0 = 2*g + b - 36, -i = -2*g + b + 27. Calculate the remainder when g is divided by 302/1661 - (-216)/22.
6
Suppose -u + 4*w = 7*w - 128, -3*w - 568 = -5*u. Let v = u + -60. What is the remainder when v is divided by 16?
8
Let c(g) = 13*g**2 + g - 1. Let d(r) = 2*r + 21. Let u be d(-9). Calculate the remainder when c(u) is divided by (-2)/(-3) - 88/(-3).
29
Suppose -5*z + 7 + 60 = -2*x, -2*z = -5*x - 31. Let f = -236 + 437. Suppose 10*b + f = 561. What is the remainder when b is divided by z?
10
Let a = -38 + 123. Suppose 0 = -3*q - 5*g + 41, 5*q + 4*g + 12 = 102. Calculate the remainder when a is divided by q.
19
Let q be -3 - -1 - 357/(-7). Let i = -28 + q. Calculate the remainder when 40 is divided by i.
19
Let r be (0 + -2)*-3 + 3. Let i = r + -23. What is the remainder when (-206)/i - (-4)/14 is divided by 6?
3
Let s(i) = i**3 + 12*i**2 + 7*i + 36. Calculate the remainder when 147 is divided by s(-11).
67
Let d(n) = -n**3 - 20*n**2 - 20*n - 16. Let p be d(-19). Suppose -2*x = -p*h - 1 - 39, 2*x + 2*h - 60 = 0. Calculate the remainder when x is divided by 10.
6
Suppose 4*s - 63 = -2*o + 91, -3*o - 3*s + 225 = 0. What is the remainder when 582 is divided by o?
71
Suppose 6*t + 2671 = 3991. Calculate the remainder when t is divided by 21.
10
Suppose -r - 12 = s + r, -4*s = r + 13. Let p(o) = 9*o - 9*o + 2 - 2*o - 3. What is the remainder when 11 is divided by p(s)?
2
Suppose 2*l - a = 59, 2*l = 3*a - 0*a + 53. Let h(o) = 2*o**2 + 8*o + 1. Calculate the remainder when h(-10) is divided by l.
28
Let w(v) = -v**3 + 2*v**2 - 1. Let n(r) = -r + 18. Let x be n(16). Let m be w(x). What is the remainder when (2/5)/(m/(-40)) is divided by 5?
1
Let g = 48 + -16. Suppose -2*l - g = -3*l. Suppose -9*s + 82*s - 9271 = 0. Calculate the remainder when s is divided by l.
31
Let q = 200 + 1395. Calculate the remainder when q is divided by 6.
5
Let w = -10 - -20. What is the remainder when (6216/(-70))/12*-5 is divided by w?
7
Suppose 0 = -h + r - 1 + 4, 4*r = -h + 3. Suppose -5*j + 8 = -42. What is the remainder when j is divided by h?
1
Let i = -14 + 24. Let q(o) = -7*o + 4*o + 2*o - o - 4. Calculate the remainder when i is divided by q(-4).
2
Let l(h) = -h**3 + h**2 + 3*h + 13. Calculate the remainder when l(-3) is divided by 17.
6
Suppose 0 = 4*y - 73 - 123. What is the remainder when y is divided by 28?
21
What is the remainder when 7/(210/80)*435/4 is divided by 39?
17
Let y be (-1770)/(-20)*(-8)/(-6). Suppose -5*g + 80 = 2*t, -4*t + 38 - y = -5*g. Suppose -3*z + 161 = 23. What is the remainder when z is divided by g?
14
Suppose x = 5*n - 64, -5*n - 3*x - 5 = -53. Suppose 0 = -4*g + 2*b - 6, -g = -0*g + 3*b - 16. Calculate the remainder when n is divided by g/2 - 26/(-4).
5
Suppose z + z + 12 = c, -4*z = -4*c + 32. Suppose 0 = -c*h + 41 - 5. Calculate the remainder when h is divided by 3.
0
Let h = -162 + 115. Let y = 97 + h. What is the remainder when y is divided by 26?
24
Let k = 33 - -8. Let b = 272 - 259. What is the remainder when k is divided by b?
2
Let w = -638 + 658. What is the remainder when 131 is divided by w?
11
Suppose -5*w + 16 + 14 = 0. Suppose -287 = w*y + y. Let r = 53 + y. Calculate the remainder when 59 is divided by r.
11
Let c be -2*((2 - 1) + -3). Suppose -p + 16 = -5*w, -p = -0*w + w - c. Calculate the remainder when 40 is divided by p.
4
Let v = -31 + 105. What is the remainder when v is divided by 13?
9
Let c(d) = 3*d**2 - 2*d - 1. What is the remainder when (-441)/(-12) - 3/(-12) is divided by c(3)?
17
Suppose 5*d - 10 - 35 = 0. Let c = 4 + -10. Let a = d + c. Calculate the remainder when 3 is divided by a.
0
Let a = 556 + 230. Calculate the remainder when a is divided by 79.
75
Let b = 8 + 16. Suppose b*l - 36*l + 192 = 0. Calculate the remainder when 95 is divided by l.
15
Let m(w) = -w**3 + 4*w**2 + 2*w. Let t(p) = 3*p**3 - 2*p**2 + 1. Let h be t(1). What is the remainder when 34 is divided by m(h)?
10
Suppose -60 = -4*n - 0*x - 5*x, -22 = -3*n + 2*x. Suppose 7 = 3*k + 1. What is the remainder when 19*(k - (1 - 1)) is divided by n?
8
Let z be (-13)/(-65) + 161*1/(-5). Let n = 53 + z. What is the remainder when 60 is divided by n?
18
Suppose 2*u = -4*h + 390 - 318, 0 = -2*h + 6. Let z(n) = -8*n - 6 + 3*n**2 + 1 + 2. What is the remainder when z(7) is divided by u?
28
Let p(n) = 16*n + 35. Let b be p(5). Suppose -b*t + 118*t = 3. Calculate the remainder when 3 is divided by t.
0
Let s(q) = q**2 - 4*q - 4. Let p be s(11). Let j = -49 - -56. What is the remainder when p/4 + 4/(-16) is divided by j?
4
Let r be (-1)/(4 + -3)*-5. Suppose i - h - 9 = r*i, -h + 1 = -i. What is the remainder when (25 - 0) + i/2 is divided by 5?
4
Suppose 0 = -9*b + 10 + 89. Suppose 2*c - 7*c = -75. What is the remainder when c is divided by b?
4
Let z(c) = c**3 - c**2 - 2*c + 73. Let l be (-4 - (-2 - 2))*-1. What is the remainder when z(l) is divided by 15?
13
Suppose 7*p - 28 = 3*p. Let q(s) = -s**2 + 5*s + 21. What is the remainder when 13 is divided 